*n = -2*r + 5, -2*n - r = n - 4. Suppose -2*u + n = -3. Let i be -2 + u + 132 + -1. Calculate the greatest common divisor of i and 12.
12
Suppose 2*i + 6 = 5*o - 248, -2*o = -2*i - 104. Let j = o - 20. Suppose -4*f = -7*f + 30. What is the greatest common divisor of j and f?
10
Let p(u) = u**2 - 4*u - 8. Let k be p(6). Suppose -6 - 14 = -k*t. Suppose -n - 4*n - 2*w = -73, n - t*w = -7. What is the greatest common divisor of n and 143?
13
Suppose -4*x + 1159 = 59. Suppose c + x = 6*c. What is the highest common factor of c and 11?
11
Suppose 21*t - 16*t = 180. What is the greatest common divisor of t and 4?
4
Let r(s) = -63*s + 1. Let a be r(-4). Let u = a - 141. Calculate the highest common divisor of 16 and u.
16
Let v = -19 + 10. Let b be v/36 - (-97)/4. Calculate the greatest common factor of 192 and b.
24
Suppose 2*z - 3 = 7. Let t be (-2)/(-5) + 68/z. Let u be (2*14/(-4))/(-1). What is the greatest common divisor of u and t?
7
Let r(d) = 4*d**2 - 14*d - 23. Let b be r(-2). Calculate the greatest common factor of b and 63.
21
Let h(p) = p**3 + 6*p**2 + 4*p + 2. Suppose 3*i = 4*i + 5. Let d be h(i). What is the highest common divisor of d and 56?
7
Suppose -w + 16 - 4 = 0. Let d(t) = -6*t + 3. Let g(l) = -7*l + 4. Let i(y) = -4*d(y) + 3*g(y). Let v be i(4). What is the greatest common factor of v and w?
12
Let g(i) = -i**3 + 8*i**2 - 6*i - 14. Let u be g(6). Calculate the greatest common factor of 22 and u.
22
Let m be 105/4 + (-6)/(-8). Calculate the highest common divisor of 108 and m.
27
Let m(s) = -10*s - 4. Let u be m(-2). Calculate the greatest common divisor of 32 and u.
16
Let s = -2 - -4. Let g = 10 + s. Let t be (-3)/((-33)/g + 2). What is the highest common divisor of 4 and t?
4
Let d be (6/4)/((-1)/(-76)). Suppose -5*q - 3*j = -d, 33 = q - 5*j - 1. Let l be (-16)/20*(-1 - 19). What is the highest common divisor of l and q?
8
Let y = -5 + 10. Suppose -2 = -k, -y*k = 4*q - k - 20. Suppose -p + 7 = -q. Calculate the greatest common factor of p and 40.
10
Let d be (1 - 45) + 2 - -3. Let n be 36*(-4 - d/9). Calculate the greatest common factor of n and 24.
12
Let b(l) = -3*l**3 + 2*l**2 + l + 3. Let j be b(-3). What is the greatest common factor of 9 and j?
9
Let u(h) = h**3 + 0*h**3 - 7*h**2 + 13 - 4. Let i be u(7). What is the highest common factor of i and 1?
1
Let s = -157 - -227. Let t = s + -46. Calculate the greatest common divisor of t and 16.
8
Let s = 10 - 1. Suppose -4*c = -s*c + 280. What is the highest common factor of c and 14?
14
Suppose v = 3*v - 20. Suppose -2*o - 450 = -7*o. What is the greatest common divisor of v and o?
10
Let a(g) = 7*g - 31. Let b be a(6). Suppose -4*m + 446 + 38 = 0. What is the greatest common divisor of m and b?
11
Let u = 103 + -71. What is the greatest common divisor of u and 8?
8
Let y(v) be the third derivative of v**5/60 + v**4/6 - 2*v**3/3 + 3*v**2. Let x be y(-6). Calculate the highest common divisor of 24 and x.
8
Let q be 33*(-3)/(-6)*2. Suppose -33 = -3*n - 0*n. Calculate the highest common divisor of q and n.
11
Let p(a) = 3*a**2 - 2*a + 1. Let y be p(3). Calculate the highest common factor of y and 121.
11
Let n be 2 - (1 - 12) - 3. Let l = 15 - n. What is the greatest common divisor of 40 and l?
5
Suppose 2*z - 175 = -3*z. What is the greatest common divisor of 14 and z?
7
Suppose 0 = t + 24 - 78. Calculate the greatest common divisor of 6 and t.
6
Suppose -3*z = 2*w - 15, 0 = -2*z + 6 - 0. Calculate the highest common divisor of 9 and w.
3
Let b(x) = x**3 + 12*x**2 + 6*x + 2. Let n be b(-11). Suppose -3*w + 78 = -n. What is the greatest common factor of w and 18?
9
Let o = 11 + -6. Suppose 5*s + f - 12 = 0, o*f = -5*s + 2 + 18. What is the greatest common divisor of 10 and s?
2
Suppose 0 = -2*m - 3*a + 3, 1 - 3 = m + 5*a. Let b be (1 + (-7)/m)*3. Let o be (b - -7)*(-5)/(-3). What is the highest common divisor of o and 15?
5
Let l(b) = -15*b + 1. Suppose 8 = -4*g + 4. Let q be l(g). Calculate the greatest common divisor of q and 4.
4
Let v(w) = -2*w - 9. Let r be v(-7). Let t = r - -11. Calculate the greatest common divisor of 40 and t.
8
Suppose 0*r + 2*u = -2*r + 230, -3*r + 3*u = -375. Calculate the greatest common divisor of r and 15.
15
Let y(w) = -w + 3. Let u be y(6). Let i be -1*u/((-9)/(-6)). What is the greatest common factor of 5 and i?
1
Let y = 56 + -54. What is the greatest common divisor of 2 and y?
2
Suppose -3*n + 161 = -4*x + 35, 0 = 3*n + 3*x - 126. What is the highest common factor of 63 and n?
21
Let y be 4/18 - 4060/45. Let b = 126 + y. What is the greatest common factor of 4 and b?
4
Suppose 2*q - 4 = q. Let b = q + 3. Suppose -35 = -2*w - b. Calculate the highest common factor of 2 and w.
2
Let c = 16 + 6. Calculate the greatest common factor of 11 and c.
11
Let d(f) = f**3 + 6*f**2 - 10*f - 8. Let g be d(-4). Suppose 2*c - 2*s + 6*s - 40 = 0, s = -4*c + 66. Calculate the greatest common factor of c and g.
16
Let v(d) = 2*d + 14. Let t be v(-6). Suppose -4*z + 22 = 2*k, t*k + 9*z = 4*z + 26. What is the highest common factor of 12 and k?
3
Suppose 0*t + 162 = 3*t. Let p be (-91)/(-5) - 2/10. What is the highest common factor of t and p?
18
Let k be 0 + 4/(12/165). Let s be (-22)/3*30/(-20). What is the greatest common factor of k and s?
11
Let u = -586 + 917. Suppose 0 = 6*s - u - 293. Suppose -2*x + 3*x - 25 = 3*z, -x = -z - 17. Calculate the highest common divisor of x and s.
13
Let o be (-1448)/(-36) + (-6)/27. What is the highest common factor of o and 10?
10
Let n(h) = -4*h - 6. Let r be n(-6). Let g be (-2)/(-9) - (-50)/r. Suppose -14 = g*c + b - 6*b, -c - 5*b = -22. What is the greatest common divisor of 6 and c?
2
Suppose 41 - 125 = -6*a. Let u(h) = 5*h**2 - 2*h - 2. Let f be u(2). What is the highest common factor of f and a?
14
Let c = -17 + 17. Suppose -l - 3*u - 4 = c, l + 5*u = -3*l - 2. Let k(d) = -d - 4. Let z be k(-6). What is the highest common factor of l and z?
2
Let y = 45 - -7. Calculate the greatest common divisor of y and 13.
13
Suppose 0 = -5*g + h + 113, 3*g + h - 48 = g. Let d = 34 - g. Suppose -2*l = 0, -d = -c - 2*l + 3. What is the highest common divisor of 56 and c?
14
Let p be 10/5 + 2*1. Let h be 4/12*6/2. Let b be h/1 + 1*19. What is the highest common divisor of p and b?
4
Let a be 10/6 + (-2)/3. Suppose -2*b = -15 - 1. What is the highest common factor of b and a?
1
Suppose 0 = u - 3*x - 51, -2*x + 79 = 2*u - 31. Calculate the greatest common divisor of u and 27.
27
Let c = 199 + -173. Calculate the greatest common factor of 26 and c.
26
Suppose -7 = d + 3*x, d - 3 = x - 2. Let b be -14*d*1/2. Let k = -3 + 24. What is the greatest common factor of k and b?
7
Suppose l + 0 - 3 = 0. Let x be -3*(39/(-9) + l). Let i = x + -2. What is the highest common divisor of 3 and i?
1
Let m be (8/3)/((-7)/(-21)). Calculate the highest common factor of 32 and m.
8
Suppose 3*i + 48 = 5*m, 2*i - 10 = 5*m - 62. Suppose 2*d - 20 - 36 = 5*l, -4*l = 4*d - 56. What is the greatest common factor of m and d?
6
Suppose -60 = -4*k + 4*q, 11 = -4*k + q + 80. Let g = -1 + 3. Let p = g - -7. What is the greatest common factor of k and p?
9
Let d be (26/13)/(1/9). Calculate the highest common factor of 126 and d.
18
Let r be ((-3)/3)/(2/(-8)). Suppose 4*i + w - 140 = 5*w, 2*i - 67 = 5*w. Calculate the greatest common factor of r and i.
4
Let z(h) = h**3 - h**2 + h - 2. Let b(q) = -q**2 + 8*q - 4. Let c be b(7). Suppose -1 = -c*p + 5. Let i be z(p). What is the greatest common factor of 10 and i?
2
Let h be (-4)/(-6)*(-117)/(-6). What is the highest common divisor of 13 and h?
13
Let g be (-2)/(-5) + (-5)/(125/(-40)). Calculate the highest common factor of g and 16.
2
Let w = 4 - 1. Let i(m) = -m**3 - 2*m**2 + 52*m - 21. Let g be i(6). Calculate the highest common divisor of g and w.
3
Let v(r) = r**3 - 5*r**2 + 4*r + 5. Let z be v(4). Let u = -1 + -18. Let c = -4 - u. What is the greatest common divisor of c and z?
5
Let f(b) = -b**2 - 6*b - 2. Let k be f(-5). Suppose z = -k*z + 12. Suppose -2*d + 2*i - 5 + 17 = 0, i - 9 = -4*d. What is the highest common divisor of z and d?
3
Let j = -52 - -35. Let v = j + 2. Let p be 68/5 + (-6)/v. Calculate the greatest common factor of p and 112.
14
Suppose -5*z = -3*z + 3680. Let t be z/(-15)*6/4. Suppose 0 